{"id":226249,"date":"2025-04-24T09:51:14","date_gmt":"2025-04-24T07:51:14","guid":{"rendered":"https:\/\/tetameble.pl\/domowe\/?page_id=226249"},"modified":"2025-05-28T13:42:04","modified_gmt":"2025-05-28T11:42:04","slug":"najczestsze-pytania","status":"publish","type":"page","link":"https:\/\/tetameble.pl\/domowe\/najczestsze-pytania\/","title":{"rendered":"Najcz\u0119stsze pytania"},"content":{"rendered":"<p>[et_pb_section fb_built=&#8221;1&#8243; custom_padding_last_edited=&#8221;on|phone&#8221; _builder_version=&#8221;4.27.4&#8243; _module_preset=&#8221;default&#8221; background_image=&#8221;https:\/\/tetameble.pl\/domowe\/wp-content\/uploads\/2022\/11\/img-6.png&#8221; background_size=&#8221;initial&#8221; background_position=&#8221;top_center&#8221; min_height_tablet=&#8221;702.2px&#8221; min_height_phone=&#8221;&#8221; min_height_last_edited=&#8221;on|phone&#8221; custom_margin=&#8221;0px||0px||false|false&#8221; custom_margin_tablet=&#8221;-87px||||false|false&#8221; custom_margin_phone=&#8221;0px||0px||false|false&#8221; custom_margin_last_edited=&#8221;on|phone&#8221; custom_padding=&#8221;0px||0px||false|false&#8221; custom_padding_tablet=&#8221;167px||80px||false|false&#8221; custom_padding_phone=&#8221;20px||40px||false|false&#8221; top_divider_color=&#8221;#1c1c1c&#8221; top_divider_height=&#8221;90%&#8221; top_divider_repeat=&#8221;1x&#8221; top_divider_flip=&#8221;vertical&#8221; top_divider_height_last_edited=&#8221;off|desktop&#8221; bottom_divider_color=&#8221;#FFFFFF&#8221; bottom_divider_height=&#8221;203px&#8221; bottom_divider_repeat=&#8221;1x&#8221; bottom_divider_flip=&#8221;vertical&#8221; hover_enabled=&#8221;0&#8243; background_color_tablet=&#8221;#1c1c1c&#8221; background_last_edited=&#8221;on|phone&#8221; background_enable_color_tablet=&#8221;on&#8221; background_image_tablet=&#8221;https:\/\/tetameble.pl\/domowe\/wp-content\/uploads\/2025\/04\/modern-wood-shelving-system-minimalist-interior.jpg&#8221; background_image_phone=&#8221;https:\/\/tetameble.pl\/domowe\/wp-content\/uploads\/2025\/05\/nawymiar.jpg&#8221; background_enable_image_tablet=&#8221;on&#8221; background_enable_image_phone=&#8221;on&#8221; background_position_phone=&#8221;center&#8221; global_module=&#8221;226274&#8243; saved_tabs=&#8221;all&#8221; global_colors_info=&#8221;{}&#8221; custom_css_before_last_edited=&#8221;on|tablet&#8221; custom_css_before_tablet=&#8221;content:&#8221;;||top:0;||right:0;||left:0;||bottom:0;||position:absolute;||background: linear-gradient(90deg, #1C1C1C 15.03%, rgba(28, 28, 28, 0) 95.35%);&#8221; custom_css_before_phone=&#8221;content:&#8221;;||top:0;||right:0;||left:0;||bottom:0;||position:absolute;||background: linear-gradient(90deg, #1C1C1C 15.03%, rgba(28, 28, 28, 0) 95.35%);&#8221; title_text=&#8221;Bright and modern kitchen&#8221; sticky_enabled=&#8221;0&#8243;][et_pb_row custom_padding_last_edited=&#8221;on|tablet&#8221; _builder_version=&#8221;4.27.4&#8243; _module_preset=&#8221;default&#8221; background_image=&#8221;https:\/\/tetameble.pl\/domowe\/wp-content\/uploads\/2025\/05\/nawymiar-1.jpg&#8221; width=&#8221;90%&#8221; max_width=&#8221;90%&#8221; max_width_tablet=&#8221;1300px&#8221; max_width_phone=&#8221;1300px&#8221; max_width_last_edited=&#8221;on|tablet&#8221; custom_margin=&#8221;||||false|false&#8221; custom_padding=&#8221;50px|100px|50px|100px|true|true&#8221; custom_padding_tablet=&#8221;0px|0px|0px|0px|true|true&#8221; custom_padding_phone=&#8221;0px|0px|0px|0px|true|true&#8221; background_last_edited=&#8221;on|tablet&#8221; background_enable_image_tablet=&#8221;off&#8221; custom_css_before=&#8221;content:&#8221;;||top:0;||right:0;||left:0;||bottom:0;||position:absolute;||background: linear-gradient(90deg, #1C1C1C 15.03%, rgba(28, 28, 28, 0) 95.35%);&#8221; box_shadow_style=&#8221;preset2&#8243; box_shadow_color=&#8221;rgba(0,0,0,0.55)&#8221; box_shadow_color_tablet=&#8221;rgba(0,0,0,0.55)&#8221; box_shadow_color_phone=&#8221;RGBA(255,255,255,0)&#8221; box_shadow_color_last_edited=&#8221;on|phone&#8221; global_colors_info=&#8221;{}&#8221; custom_css_before_last_edited=&#8221;on|tablet&#8221; custom_css_before_tablet=&#8221;content:none;&#8221; custom_css_before_phone=&#8221;content:none;&#8221;][et_pb_column type=&#8221;4_4&#8243; _builder_version=&#8221;4.19.1&#8243; _module_preset=&#8221;default&#8221; global_colors_info=&#8221;{}&#8221;][et_pb_text content_tablet=&#8221;<\/p>\n<h1>Projektujemy i\u00a0wykonujemy na\u00a0wymiar<span style=%22color: var(--color1);%22><br \/>funkcjonalne meble sklepowe, biurowe<br \/>i\u00a0ekspozycyjne<\/span> dla ka\u017cdego formatu<br \/>i\u00a0bran\u017cy w\u00a0ca\u0142ej Polsce.<\/h1>\n<p>&#8221; content_phone=&#8221;<\/p>\n<h1><span style=%22color: #ffffff;%22>Funkcjonalne meble sklepowe, biurowe i\u00a0ekspozycyjne dla ka\u017cdego formatu i\u00a0bran\u017cy w\u00a0ca\u0142ej Polsce.<\/span><\/h1>\n<p>&#8221; content_last_edited=&#8221;on|phone&#8221; _builder_version=&#8221;4.27.4&#8243; _module_preset=&#8221;default&#8221; header_font=&#8221;|700|||||||&#8221; header_text_color=&#8221;#FFFFFF&#8221; header_font_size=&#8221;45px&#8221; header_line_height=&#8221;60px&#8221; custom_margin=&#8221;||5px||false|false&#8221; custom_margin_phone=&#8221;||7px||false|false&#8221; custom_margin_last_edited=&#8221;off|phone&#8221; custom_padding=&#8221;||0px|||&#8221; header_text_align_tablet=&#8221;&#8221; header_text_align_phone=&#8221;left&#8221; header_text_align_last_edited=&#8221;on|phone&#8221; header_font_size_tablet=&#8221;55px&#8221; header_font_size_phone=&#8221;23px&#8221; header_font_size_last_edited=&#8221;on|phone&#8221; header_line_height_tablet=&#8221;65px&#8221; header_line_height_phone=&#8221;38px&#8221; header_line_height_last_edited=&#8221;on|phone&#8221; global_colors_info=&#8221;{}&#8221;]<\/p>\n<h1>Projektujemy i\u00a0wykonujemy na\u00a0wymiar<span style=\"color: var(--color1);\"><br \/>funkcjonalne meble sklepowe, biurowe<br \/>i\u00a0ekspozycyjne<\/span> dla ka\u017cdego formatu<br \/>i\u00a0bran\u017cy w\u00a0ca\u0142ej Polsce.<\/h1>\n<p>[\/et_pb_text][et_pb_button button_url=&#8221;tel:507665316&#8243; button_text=&#8221;ZADZWO\u0143 &#8211; 507 665 316&#8243; disabled_on=&#8221;off|off|off&#8221; _builder_version=&#8221;4.27.4&#8243; _dynamic_attributes=&#8221;button_url&#8221; _module_preset=&#8221;default&#8221; custom_button=&#8221;on&#8221; button_text_size=&#8221;16px&#8221; button_text_color=&#8221;#FFFFFF&#8221; button_border_width=&#8221;1px&#8221; button_border_color=&#8221;#FFFFFF&#8221; button_border_radius=&#8221;8px&#8221; button_font=&#8221;Rajdhani||||||||&#8221; button_on_hover=&#8221;off&#8221; custom_margin=&#8221;||0px||false|false&#8221; custom_padding=&#8221;13px|23px|13px|23px|true|true&#8221; custom_padding_tablet=&#8221;&#8221; custom_padding_phone=&#8221;7px|15px|7px|15px|true|true&#8221; custom_padding_last_edited=&#8221;on|phone&#8221; custom_css_before=&#8221;content:&#8221;;||top:0;||height:100%;||width:5px;||position:absolute;||left:0;||background-color:var(&#8211;color1);||visibility:visible!important;||opacity:1!important;||display:block!important;||    margin: 0;||    z-index: -1;||    border-radius: 7px 0 0 7px;||transition:all .5s ease;&#8221; custom_css_main_element=&#8221;position:relative;||text-transform:capitalize;&#8221; custom_css_after=&#8221;content:none;&#8221; locked=&#8221;off&#8221; global_colors_info=&#8221;{}&#8221; custom_css_before__hover_enabled=&#8221;on|desktop&#8221; custom_css_before__hover=&#8221;width:100%;||border-radius:7px;&#8221;][\/et_pb_button][\/et_pb_column][\/et_pb_row][\/et_pb_section][et_pb_section fb_built=&#8221;1&#8243; custom_padding_last_edited=&#8221;on|phone&#8221; _builder_version=&#8221;4.27.4&#8243; _module_preset=&#8221;default&#8221; custom_padding=&#8221;45px||45px||true|false&#8221; custom_padding_tablet=&#8221;80px||80px||true|false&#8221; custom_padding_phone=&#8221;30px||30px||true|false&#8221; box_shadow_style=&#8221;preset6&#8243; global_colors_info=&#8221;{}&#8221;][et_pb_row _builder_version=&#8221;4.27.4&#8243; _module_preset=&#8221;default&#8221; width=&#8221;90%&#8221; custom_padding=&#8221;0px||0px||true|false&#8221; custom_css_main_element=&#8221;display:flex;||align-items:center;&#8221; global_colors_info=&#8221;{}&#8221; custom_css_main_element_last_edited=&#8221;on|tablet&#8221; custom_css_main_element_tablet=&#8221;display:block;&#8221; custom_css_main_element_phone=&#8221;display:block;&#8221;][et_pb_column type=&#8221;4_4&#8243; _builder_version=&#8221;4.19.1&#8243; _module_preset=&#8221;default&#8221; global_colors_info=&#8221;{}&#8221;][et_pb_text _builder_version=&#8221;4.27.4&#8243; _module_preset=&#8221;default&#8221; header_3_font=&#8221;|700|||||||&#8221; header_3_text_color=&#8221;#000000&#8243; header_3_font_size=&#8221;30px&#8221; header_3_font_size_tablet=&#8221;30px&#8221; header_3_font_size_phone=&#8221;25px&#8221; header_3_font_size_last_edited=&#8221;on|phone&#8221; header_3_line_height_tablet=&#8221;&#8221; header_3_line_height_phone=&#8221;1.3em&#8221; header_3_line_height_last_edited=&#8221;on|phone&#8221; global_colors_info=&#8221;{}&#8221;]<\/p>\n<h3 style=\"text-align: center;\">Poni\u017cej znajdziesz odpowiedzi na\u00a0najcz\u0119\u015bciej zadawane pytania o\u00a0nasze us\u0142ugi.<\/h3>\n<p>[\/et_pb_text][\/et_pb_column][\/et_pb_row][et_pb_row column_structure=&#8221;1_2,1_2&#8243; _builder_version=&#8221;4.27.4&#8243; _module_preset=&#8221;default&#8221; width=&#8221;90%&#8221; custom_margin=&#8221;5px|auto||auto|false|false&#8221; custom_margin_tablet=&#8221;35px||||false|false&#8221; custom_margin_phone=&#8221;0px||||false|false&#8221; custom_margin_last_edited=&#8221;on|phone&#8221; custom_padding=&#8221;0px||0px||true|false&#8221; global_colors_info=&#8221;{}&#8221;][et_pb_column type=&#8221;1_2&#8243; _builder_version=&#8221;4.19.1&#8243; _module_preset=&#8221;default&#8221; global_colors_info=&#8221;{}&#8221; custom_css_main_element_last_edited=&#8221;on|tablet&#8221; custom_css_main_element_tablet=&#8221;margin:0!important;&#8221; custom_css_main_element_phone=&#8221;margin:0!important;&#8221;][et_pb_accordion open_toggle_text_color=&#8221;#000000&#8243; open_toggle_background_color=&#8221;RGBA(255,255,255,0)&#8221; closed_toggle_background_color=&#8221;RGBA(255,255,255,0)&#8221; toggle_icon=&#8221;&#x33;||divi||400&#8243; icon_color=&#8221;#1c1c1c&#8221; use_icon_font_size=&#8221;on&#8221; icon_font_size=&#8221;20px&#8221; module_class=&#8221;igni_faq&#8221; _builder_version=&#8221;4.27.4&#8243; _module_preset=&#8221;default&#8221; toggle_text_color=&#8221;#000000&#8243; toggle_font=&#8221;|700|||||||&#8221; toggle_font_size=&#8221;24px&#8221; toggle_line_height=&#8221;31px&#8221; body_text_color=&#8221;#777777&#8243; body_line_height=&#8221;26px&#8221; custom_css_toggle=&#8221;border:0!important;||border-bottom:1px solid rgba(28,28,28,0.1)!important;||padding:29px 0 0 40px;||margin:0!important;&#8221; custom_css_toggle_title=&#8221;margin-bottom:12px!important;||padding:0!important;&#8221; custom_css_toggle_icon=&#8221;width: 25px;||height: 25px;||line-height:25px;||background-color:var(&#8211;color2);||text-align:center;||position:absolute;||left:-40px;||top:12px;||transition: all 0.5s ease;&#8221; custom_css_toggle_content=&#8221;font-weight:400;||padding:0 0 12px;&#8221; global_colors_info=&#8221;{}&#8221;][et_pb_accordion_item title=&#8221;1. Czy\u00a0pomiar w\u00a0domu jest bezp\u0142atny?&#8221; open=&#8221;on&#8221; _builder_version=&#8221;4.27.4&#8243; _module_preset=&#8221;default&#8221; global_colors_info=&#8221;{}&#8221;]Tak, oferujemy bezp\u0142atny pomiar na&nbsp;miejscu. To&nbsp;pierwszy krok do&nbsp;stworzenia mebli idealnie dopasowanych do&nbsp;Twojego&nbsp;wn\u0119trza.[\/et_pb_accordion_item][et_pb_accordion_item title=&#8221;2. Jak d\u0142ugo trwa realizacja mebli na\u00a0wymiar?&#8221; _builder_version=&#8221;4.27.4&#8243; _module_preset=&#8221;default&#8221; global_colors_info=&#8221;{}&#8221; open=&#8221;off&#8221;]Standardowy czas realizacji to&nbsp;3\u20136 tygodni od&nbsp;akceptacji projektu i&nbsp;podpisania umowy \u2013 w&nbsp;zale\u017cno\u015bci od&nbsp;stopnia skomplikowania i&nbsp;dost\u0119pno\u015bci materia\u0142\u00f3w.[\/et_pb_accordion_item][et_pb_accordion_item title=&#8221;3. Czy\u00a0mog\u0119 wybra\u0107 kolor, materia\u0142 i\u00a0uchwyty?&#8221; title_last_edited=&#8221;off|desktop&#8221; _builder_version=&#8221;4.27.4&#8243; _module_preset=&#8221;default&#8221; global_colors_info=&#8221;{}&#8221; open=&#8221;off&#8221;]Oczywi\u015bcie! Mamy szeroki wyb\u00f3r materia\u0142\u00f3w, kolor\u00f3w, system\u00f3w otwierania, blat\u00f3w i&nbsp;akcesori\u00f3w \u2013 wszystko dobieramy do&nbsp;Twoich&nbsp;preferencji.[\/et_pb_accordion_item][et_pb_accordion_item title=&#8221;4. Czy\u00a0wykonujecie tylko\u00a0kuchnie?&#8221; _builder_version=&#8221;4.27.4&#8243; _module_preset=&#8221;default&#8221; global_colors_info=&#8221;{}&#8221; open=&#8221;off&#8221;]Nie&nbsp;\u2013 realizujemy r\u00f3wnie\u017c garderoby, szafy, zabudowy wn\u0119k, meble \u0142azienkowe, do&nbsp;salonu czy&nbsp;sypialni \u2013 wszystko na&nbsp;wymiar.[\/et_pb_accordion_item][et_pb_accordion_item title=&#8221;5. Czy\u00a0pomagacie w\u00a0zaplanowaniu funkcjonalnego uk\u0142adu mebli?&#8221; _builder_version=&#8221;4.27.4&#8243; _module_preset=&#8221;default&#8221; global_colors_info=&#8221;{}&#8221; open=&#8221;off&#8221;]Tak. Na&nbsp;podstawie pomiaru i&nbsp;rozmowy doradzimy Ci&nbsp;optymalny uk\u0142ad i&nbsp;rozwi\u0105zania, kt\u00f3re b\u0119d\u0105 praktyczne i&nbsp;trwa\u0142e.[\/et_pb_accordion_item][\/et_pb_accordion][\/et_pb_column][et_pb_column type=&#8221;1_2&#8243; _builder_version=&#8221;4.19.1&#8243; _module_preset=&#8221;default&#8221; global_colors_info=&#8221;{}&#8221;][et_pb_accordion open_toggle_text_color=&#8221;#000000&#8243; open_toggle_background_color=&#8221;RGBA(255,255,255,0)&#8221; closed_toggle_background_color=&#8221;RGBA(255,255,255,0)&#8221; toggle_icon=&#8221;&#x33;||divi||400&#8243; icon_color=&#8221;#1c1c1c&#8221; use_icon_font_size=&#8221;on&#8221; icon_font_size=&#8221;20px&#8221; module_class=&#8221;igni_faq&#8221; _builder_version=&#8221;4.27.4&#8243; _module_preset=&#8221;default&#8221; toggle_text_color=&#8221;#000000&#8243; toggle_font=&#8221;|700|||||||&#8221; toggle_font_size=&#8221;24px&#8221; toggle_line_height=&#8221;31px&#8221; body_text_color=&#8221;#777777&#8243; body_line_height=&#8221;26px&#8221; custom_css_toggle=&#8221;border:0!important;||border-bottom:1px solid rgba(28,28,28,0.1)!important;||padding:29px 0 0 40px;||margin:0!important;&#8221; custom_css_toggle_title=&#8221;margin-bottom:12px!important;||padding:0!important;&#8221; custom_css_toggle_icon=&#8221;width: 25px;||height: 25px;||line-height:25px;||background-color:var(&#8211;color2);||text-align:center;||position:absolute;||left:-40px;||top:12px;&#8221; custom_css_toggle_content=&#8221;font-weight:400;||padding:0 0 12px;||transition: all 0.5s ease;&#8221; global_colors_info=&#8221;{}&#8221;][et_pb_accordion_item title=&#8221;6. Czy\u00a0oferujecie transport i\u00a0monta\u017c?&#8221; open=&#8221;on&#8221; _builder_version=&#8221;4.27.4&#8243; _module_preset=&#8221;default&#8221; global_colors_info=&#8221;{}&#8221;]Tak, zapewniamy kompleksow\u0105 obs\u0142ug\u0119: transport, wniesienie, monta\u017c i&nbsp;prace wyko\u0144czeniowe \u2013 nie&nbsp;musisz si\u0119 o&nbsp;nic martwi\u0107.[\/et_pb_accordion_item][et_pb_accordion_item title=&#8221;7. Z\u00a0jakich materia\u0142\u00f3w korzystacie?&#8221; _builder_version=&#8221;4.27.4&#8243; _module_preset=&#8221;default&#8221; global_colors_info=&#8221;{}&#8221; open=&#8221;off&#8221;]Stosujemy wy\u0142\u0105cznie sprawdzone, trwa\u0142e materia\u0142y: p\u0142yty laminowane, MDF, forniry, blaty HPL, kamienne i&nbsp;inne \u2013 zale\u017cnie od&nbsp;preferencji i&nbsp;bud\u017cetu.[\/et_pb_accordion_item][et_pb_accordion_item title=&#8221;8. Czy\u00a0mog\u0119 zam\u00f3wi\u0107 meble z\u00a0cichym domykiem i\u00a0nowoczesnymi systemami?&#8221; _builder_version=&#8221;4.27.4&#8243; _module_preset=&#8221;default&#8221; global_colors_info=&#8221;{}&#8221; open=&#8221;off&#8221;]Tak. W&nbsp;naszej ofercie znajdziesz nowoczesne systemy: cichy domyk, prowadnice z&nbsp;pe\u0142nym wysuwem, zawiasy premium, systemy cargo, tip-on i&nbsp;inne.[\/et_pb_accordion_item][et_pb_accordion_item title=&#8221;9. Czy\u00a0wystawiacie faktur\u0119?&#8221; _builder_version=&#8221;4.27.4&#8243; _module_preset=&#8221;default&#8221; global_colors_info=&#8221;{}&#8221; open=&#8221;off&#8221;]Tak, wystawiamy faktury VAT zar\u00f3wno dla os\u00f3b prywatnych, jak i&nbsp;firm.[\/et_pb_accordion_item][et_pb_accordion_item title=&#8221;10. Jak mog\u0119 otrzyma\u0107 wycen\u0119?&#8221; _builder_version=&#8221;4.27.4&#8243; _module_preset=&#8221;default&#8221; global_colors_info=&#8221;{}&#8221; open=&#8221;off&#8221;]Skontaktuj si\u0119 z&nbsp;nami telefonicznie lub przez&nbsp;formularz \u2013 przygotujemy darmow\u0105, niezobowi\u0105zuj\u0105c\u0105 wycen\u0119 w&nbsp;ci\u0105gu 48 godzin po&nbsp;pomiarze.[\/et_pb_accordion_item][\/et_pb_accordion][\/et_pb_column][\/et_pb_row][\/et_pb_section]<\/p>\n","protected":false},"excerpt":{"rendered":"<p>Projektujemy i\u00a0wykonujemy na\u00a0wymiarfunkcjonalne meble sklepowe, biurowei\u00a0ekspozycyjne dla ka\u017cdego formatui\u00a0bran\u017cy w\u00a0ca\u0142ej Polsce.Poni\u017cej znajdziesz odpowiedzi na\u00a0najcz\u0119\u015bciej zadawane pytania o\u00a0nasze us\u0142ugi.Tak, oferujemy bezp\u0142atny pomiar na&nbsp;miejscu. To&nbsp;pierwszy krok do&nbsp;stworzenia mebli idealnie dopasowanych do&nbsp;Twojego&nbsp;wn\u0119trza.Standardowy czas realizacji to&nbsp;3\u20136 tygodni od&nbsp;akceptacji projektu i&nbsp;podpisania umowy \u2013 w&nbsp;zale\u017cno\u015bci od&nbsp;stopnia skomplikowania i&nbsp;dost\u0119pno\u015bci materia\u0142\u00f3w.Oczywi\u015bcie! Mamy szeroki wyb\u00f3r materia\u0142\u00f3w, kolor\u00f3w, system\u00f3w otwierania, blat\u00f3w i&nbsp;akcesori\u00f3w \u2013 wszystko dobieramy [&hellip;]<\/p>\n","protected":false},"author":1,"featured_media":0,"parent":0,"menu_order":0,"comment_status":"closed","ping_status":"closed","template":"","meta":{"_et_pb_use_builder":"on","_et_pb_old_content":"<!-- wp:divi\/placeholder \/-->","_et_gb_content_width":"","footnotes":""},"class_list":["post-226249","page","type-page","status-publish","hentry"],"_links":{"self":[{"href":"https:\/\/tetameble.pl\/domowe\/wp-json\/wp\/v2\/pages\/226249","targetHints":{"allow":["GET"]}}],"collection":[{"href":"https:\/\/tetameble.pl\/domowe\/wp-json\/wp\/v2\/pages"}],"about":[{"href":"https:\/\/tetameble.pl\/domowe\/wp-json\/wp\/v2\/types\/page"}],"author":[{"embeddable":true,"href":"https:\/\/tetameble.pl\/domowe\/wp-json\/wp\/v2\/users\/1"}],"replies":[{"embeddable":true,"href":"https:\/\/tetameble.pl\/domowe\/wp-json\/wp\/v2\/comments?post=226249"}],"version-history":[{"count":9,"href":"https:\/\/tetameble.pl\/domowe\/wp-json\/wp\/v2\/pages\/226249\/revisions"}],"predecessor-version":[{"id":226401,"href":"https:\/\/tetameble.pl\/domowe\/wp-json\/wp\/v2\/pages\/226249\/revisions\/226401"}],"wp:attachment":[{"href":"https:\/\/tetameble.pl\/domowe\/wp-json\/wp\/v2\/media?parent=226249"}],"curies":[{"name":"wp","href":"https:\/\/api.w.org\/{rel}","templated":true}]}}